1, what is -34045 - 3?
-34048
In base 16, what is -12 + -e1f?
-e31
In base 7, what is -4243 - 2?
-4245
In base 5, what is 1433 - 341?
1042
In base 13, what is 2b - -217?
245
In base 2, what is -110 - 1010111101?
-1011000011
In base 9, what is -1241186 - -1?
-1241185
In base 15, what is 35c + -22?
33a
In base 15, what is -25 + -1b43?
-1b68
In base 4, what is -11 + -33012222?
-33012233
In base 11, what is 3 - -1128a3?
1128a6
In base 4, what is 2 - -22002202?
22002210
In base 6, what is 1 + -215201?
-215200
In base 12, what is -b01 + -72?
-b73
In base 5, what is 13 + -30334?
-30321
In base 15, what is -7 - 74bd1?
-74bd8
In base 10, what is 579446 - 0?
579446
In base 16, what is -51 + f72?
f21
In base 3, what is -10002111 + 11122?
-2220212
In base 12, what is -9a11 + -92?
-9aa3
In base 5, what is -1040 - -2100?
1010
In base 16, what is aa6 + 1a?
ac0
In base 5, what is 13342 + 103322?
122214
In base 5, what is -1131441342 - 3?
-1131441400
In base 2, what is -1011 + 1111110?
1110011
In base 9, what is 21 + 37336?
37357
In base 7, what is -20254 + 11?
-20243
In base 13, what is -3a4a + -6?
-3a53
In base 11, what is 346a95 - 0?
346a95
In base 10, what is -134139 - -5?
-134134
In base 14, what is -3 - -bb07b?
bb078
In base 14, what is -c07 - -4?
-c03
In base 7, what is -6023 + -2?
-6025
In base 13, what is 339 + 429?
765
In base 4, what is 2 - -223133101?
223133103
In base 12, what is 4062b - -5?
40634
In base 13, what is -231 - -48?
-1b6
In base 5, what is 1211 + 21003?
22214
In base 14, what is 6 + -2a76?
-2a70
In base 14, what is -11c3 - d?
-11d2
In base 11, what is 97 + 31?
118
In base 5, what is 1203311 + 4?
1203320
In base 9, what is -50 - -3001?
2841
In base 12, what is 2 - 286a22?
-286a20
In base 2, what is -100010000 + 100000010111?
11100000111
In base 6, what is 200152552 - -2?
200152554
In base 7, what is -113326 - 10?
-113336
In base 6, what is -255133 - -121?
-255012
In base 15, what is 7 + -b900b?
-b9004
In base 7, what is 462050 - -24?
462104
In base 11, what is -79 - 3045?
-3113
In base 9, what is 2 - -18766?
18768
In base 4, what is -3 + -22011?
-22020
In base 7, what is 4 - -60666?
61003
In base 7, what is -1 + 20316?
20315
In base 3, what is 1000111 + 2022?
1002210
In base 16, what is -2 - -504?
502
In base 3, what is 22010111 + -22?
22010012
In base 10, what is 1 - -7225?
7226
In base 11, what is 38a796 - 2?
38a794
In base 4, what is -1231002 + 0?
-1231002
In base 13, what is 26 + ac0?
b16
In base 3, what is -21221 + -222210?
-1021201
In base 8, what is -4 + 363644?
363640
In base 2, what is 1111000010100111 - 100100?
1111000010000011
In base 3, what is 1112000022 - -10?
1112000102
In base 4, what is -3 + 21230220?
21230211
In base 2, what is -1111 - -100001?
10010
In base 8, what is -3 - -703205?
703202
In base 5, what is -102101 + -1014?
-103120
In base 7, what is 6456 + -1210?
5246
In base 9, what is 2087 - -233?
2331
In base 4, what is 112032330 - -12?
112033002
In base 2, what is 11100 + 100011011110?
100011111010
In base 9, what is -60 + -15?
-75
In base 2, what is 100 - 11000000001010100?
-11000000001010000
In base 2, what is -110 + -101011110010110?
-101011110011100
In base 14, what is 56592 - -3?
56595
In base 5, what is -13020 - -41?
-12424
In base 15, what is 96435 - 2?
96433
In base 6, what is 2455 + -55?
2400
In base 3, what is 101020 - -10111?
111201
In base 9, what is 1144304 - 4?
1144300
In base 3, what is 101122002 + 0?
101122002
In base 14, what is -2 + -6c21?
-6c23
In base 13, what is -3 + -158?
-15b
In base 3, what is -12212201 - 10?
-12212211
In base 3, what is 2020222 - -1022?
2022021
In base 15, what is 2436 - a?
242b
In base 16, what is -d1c + 6?
-d16
In base 11, what is -167 + -404?
-570
In base 7, what is -200 + -22416?
-22616
In base 13, what is 339 + 492?
7cb
In base 8, what is -1224 + 67?
-1135
In base 4, what is 323 + -10033212?
-10032223
In base 3, what is 12001 - 1111221101?
-1111202100
In base 14, what is 13 - -2b41?
2b54
In base 11, what is -a1 - 407a?
-4170
In base 12, what is 3 + 213065?
213068
In base 7, what is -50134 + -1?
-50135
In base 3, what is -1122 - 2022?
-10221
In base 9, what is -427 - -305?
-122
In base 12, what is 1a95a0 + 13?
1a95b3
In base 12, what is 4 - -9943?
9947
In base 14, what is 2348 + 24?
236c
In base 7, what is -2364 + -21?
-2415
In base 13, what is -599 - 1?
-59a
In base 7, what is 353066 + 31?
353130
In base 3, what is 11 - -1100022220?
1100100001
In base 15, what is -42e7 - -5?
-42e2
In base 14, what is -981594 - 2?
-981596
In base 13, what is 2 - 6156?
-6154
In base 13, what is a84 + 149?
c00
In base 9, what is 24 + -2537?
-2513
In base 14, what is 7d6 - -529?
d21
In base 11, what is -6 + 231829?
231823
In base 2, what is -10111100000 - 11001?
-10111111001
In base 7, what is -3465526 - 1?
-3465530
In base 6, what is 140 + 355?
535
In base 14, what is 5 + -c23b?
-c236
In base 6, what is 23343 + -151?
23152
In base 13, what is 820 - 341?
4ac
In base 2, what is 1001 - -1100100110000110001?
1100100110000111010
In base 4, what is 20312313 + -10?
20312303
In base 4, what is 301310 - -3211?
311121
In base 10, what is -23 + 53?
30
In base 5, what is 10440203 - 10?
10440143
In base 8, what is 11 - 1361121?
-1361110
In base 10, what is 281714 + -2?
281712
In base 2, what is -11 + 101101001111111100?
101101001111111001
In base 13, what is -38 - 587?
-5c2
In base 8, what is 26 + -1112?
-1064
In base 16, what is ac - 186?
-da
In base 13, what is -62a + -2a?
-657
In base 5, what is -200 + 100420?
100220
In base 8, what is 0 + 245524?
245524
In base 11, what is 1a7 + -182?
25
In base 8, what is 32 + -2063?
-2031
In base 6, what is -230 + 4543?
4313
In base 7, what is -40 - 15565?
-15635
In base 14, what is 185 - 424?
-27d
In base 16, what is -d + 225be?
225b1
In base 5, what is 2432 + -1331?
1101
In base 7, what is 2030143 + 4?
2030150
In base 3, what is -1012112 - -1100?
-1011012
In base 7, what is 31115351 - 4?
31115344
In base 11, what is 9 - -2846?
2854
In base 7, what is -1 - 3165060?
-3165061
In base 8, what is -13 + 10205?
10172
In base 13, what is 15 - -530?
545
In base 8, what is -14712672 - -2?
-14712670
In base 8, what is 0 + -5636?
-5636
In base 11, what is -25 + -2436?
-2460
In base 11, what is -120 - 507a?
-519a
In base 8, what is -4 + -3367206?
-3367212
In base 12, what is 9 + -7b6?
-7a9
In base 16, what is -4 + 2b4e4?
2b4e0
In base 4, what is 11012021 - 2?
11012013
In base 5, what is 0 + -143432033?
-143432033
In base 8, what is 2133 - -11?
2144
In base 9, what is 1617 - 675?
832
In base 7, what is 2504 - 266?
2205
In base 10, what is 2440 + 1418?
3858
In base 7, what is 1 + -1450350?
-1450346
In base 2, what is 110000 - -10000110?
10110110
In base 7, what is 11131 + -13?
11115
In base 13, what is 22163 + 2?
22165
In base 14, what is -2a + -1d?
-49
In base 14, what is -d690b + 4?
-d6907
In base 5, what is 3 + 13403324?
13403332
In base 8, what is 110535 - -4?
110541
In base 11, what is 17 - 1497?
-1480
In base 14, what is -82 - -24b0?
242c
In base 16, what is 15890 + -5?
1588b
In base 11, what is -5 + 123a06?
123a01
In base 8, what is -5537 + 235?
-5302
In base 11, what is -4 - 10475?
-10479
In base 2, what is -10111100011010001 + 100?
-10111100011001101
In base 9, what is -12 - 3143?
-3155
In base 9, what is -1843 - 174?
-2127
In base 3, what is 121 + -2102112?
-2101221
In base 2, what is -1001111001 + -1011011111?
-10101011000
In base 16, what is 1 + -5ac?
-5ab
In base 14, what is 39 - -582c?
5867
In base 13, what is 30a - 65?
275
In base 8, what is -5 - -44751?
44744
In base 10, what is 7 - 235337?
-235330
In base 6, what is -10 - -3023?
3013
In base 8, what is 12 + -24211?
-24177
In base 3, what is 121 - 2001021122?
-2001021001
In base 8, what is 13 - 1577?
-1564
In base 9, what is 17 - 26733?
-26715
In base 15, what is 54c - -ad?
60a
In base 11, what is 11805 + 19?
11823
In base 14, what is 40 - -c3?
123
In base 4, what is 232221 - -20?
232301
In base 4, what is 100323 + -3?
100320
In base 5, what is 312 + -104034?
-103222
In base 8, what is 34032 + -1?
34031
In base 8, what is -11634 - -257?
-11355
In base 8, what is -3 - 33474?
-33477
In base 2, what is -10000101 - 1011011?
-11100000
In base 15, what is -12 + -12cd2?
-12ce4
In base 11, what is 9a - 441?
-